{"id":1872,"date":"2024-08-28T14:30:04","date_gmt":"2024-08-28T14:30:04","guid":{"rendered":"https:\/\/wpriverthemes.com\/gymfito\/?page_id=1872"},"modified":"2025-07-23T00:01:59","modified_gmt":"2025-07-23T03:01:59","slug":"trainer-amanda","status":"publish","type":"page","link":"https:\/\/agendeseupersonal.com.br\/index.php\/trainer-amanda\/","title":{"rendered":"Personal Mateus Silva"},"content":{"rendered":"\t\t<div data-elementor-type=\"wp-page\" data-elementor-id=\"1872\" class=\"elementor elementor-1872\">\n\t\t\t\t<div class=\"elementor-element elementor-element-b071f60 e-con-full e-flex e-con e-parent\" data-id=\"b071f60\" data-element_type=\"container\">\n\t\t\t\t<div class=\"elementor-element elementor-element-c984e72 elementor-widget elementor-widget-trainer_details\" data-id=\"c984e72\" data-element_type=\"widget\" data-widget_type=\"trainer_details.default\">\n\t\t\t\t<div class=\"elementor-widget-container\">\n\t\t\t\t\t        <!-- Start Trainer Details -->\n        <div class=\"ak-height-135 ak-height-lg-80\"><\/div>\n        <div class=\"container\">\n            <div class=\"trainer-details\">\n                <div class=\"trainer-details-img\" data-aos=\"fade-right\">\n                    <img decoding=\"async\" src=\"https:\/\/agendeseupersonal.com.br\/wp-content\/uploads\/2025\/07\/Mateus-Personal-Trainer.png\" alt=\"Trainer Image\" class=\"w-100\">\n                    <div class=\"icon-details\">\n                        <div class=\"icon\">\n                            <svg width=\"40\" height=\"41\" viewBox=\"0 0 40 41\" fill=\"none\" xmlns=\"http:\/\/www.w3.org\/2000\/svg\">\r\n                                <circle cx=\"20\" cy=\"20.7451\" r=\"20\" fill=\"white\" fill-opacity=\"0.3\" \/>\r\n                                <path fill-rule=\"evenodd\" clip-rule=\"evenodd\"\r\n                                    d=\"M12.4556 14.8423L17.8587 20.2478C19.0372 21.424 20.9635 21.425 22.1429 20.2478L27.5461 14.8423C27.6005 14.7879 27.5925 14.6983 27.5294 14.6543C26.9783 14.27 26.3078 14.0421 25.5855 14.0421H14.4162C13.6939 14.0421 13.0234 14.27 12.4723 14.6543C12.4091 14.6983 12.4012 14.7879 12.4556 14.8423ZM11.0117 17.4465C11.0117 16.8786 11.1525 16.3419 11.4006 15.8702C11.4394 15.7965 11.5377 15.7815 11.5966 15.8405L16.9314 21.1752C18.6207 22.867 21.38 22.868 23.0704 21.1752L28.4051 15.8405C28.464 15.7815 28.5623 15.7965 28.6011 15.8702C28.8491 16.3419 28.99 16.8786 28.99 17.4465V24.5534C28.99 26.4321 27.4618 27.9579 25.5855 27.9579H14.4162C12.5399 27.9579 11.0117 26.4321 11.0117 24.5534V17.4465Z\"\r\n                                    fill=\"white\" \/>\r\n                            <\/svg>                        <\/div>\n                        <div class=\"icon-info\">\n                            <h5 class=\"title\">E-mail<\/h5>\n                            <p class=\"desp\">mateuspersonal@gmail.com<\/p>\n                        <\/div>\n                    <\/div>\n                    <div class=\"icon-details\">\n                        <div class=\"icon\">\n                            <svg width=\"40\" height=\"41\" viewBox=\"0 0 40 41\" fill=\"none\" xmlns=\"http:\/\/www.w3.org\/2000\/svg\">\r\n                                <circle cx=\"20\" cy=\"20.7451\" r=\"20\" fill=\"white\" fill-opacity=\"0.3\" \/>\r\n                                <g clip-path=\"url(#clip0_1961_1628)\">\r\n                                    <path\r\n                                        d=\"M26.7162 23.2473C25.7366 23.2473 24.7748 23.0941 23.8633 22.7929C23.4167 22.6405 22.8676 22.7803 22.595 23.0602L20.796 24.4183C18.7096 23.3046 17.4245 22.0199 16.326 19.9492L17.6441 18.197C17.9865 17.855 18.1094 17.3554 17.9622 16.8867C17.6597 15.9704 17.506 15.009 17.506 14.029C17.5061 13.3211 16.9301 12.7451 16.2222 12.7451H13.2839C12.576 12.7451 12 13.3211 12 14.029C12 22.1436 18.6016 28.7451 26.7162 28.7451C27.4241 28.7451 28 28.1692 28 27.4612V24.5311C28 23.8232 27.424 23.2473 26.7162 23.2473Z\"\r\n                                        fill=\"white\" \/>\r\n                                <\/g>\r\n                                <defs>\r\n                                    <clipPath id=\"clip0_1961_1628\">\r\n                                        <rect width=\"16\" height=\"16\" fill=\"white\" transform=\"translate(12 12.7451)\" \/>\r\n                                    <\/clipPath>\r\n                                <\/defs>\r\n                            <\/svg>                        <\/div>\n                        <div class=\"icon-info\">\n                            <h5 class=\"title\">Telefone<\/h5>\n                            <p class=\"desp\">(16) 9 9743-5523<\/p>\n                        <\/div>\n                    <\/div>\n                <\/div>\n                <div class=\"trainer-content\" data-aos=\"fade-left\">\n                    <h3 class=\"trainer-content-title\">Sobre Mateus Silva<\/h3>\n                    <div class=\"d-flex gap-2 align-items-center mb-2\">\n                        <a href=\"https:\/\/www.youtube.com\/watch?v=xCXQBn2JUbc\" class=\"ak-video-block ak-style1 ak-video-open type_2\">\n                            <span class=\"ak-heartbeat-btn\">\n                                <span><\/span>\n                            <\/span>\n                        <\/a>\n                        <p class=\"ak-secondary-font ak-font-18\">V\u00eddeo Apresenta\u00e7\u00e3o<\/p>\n                    <\/div>\n                    <p>Transformar vidas por meio do movimento \u00e9 mais do que profiss\u00e3o \u2014 \u00e9 prop\u00f3sito.\nMeu nome \u00e9 Mateus Silva, sou personal trainer com mais de 10 anos de experi\u00eancia em treinamento f\u00edsico individualizado, atuando com foco em sa\u00fade, desempenho e qualidade de vida.\n\nFormado em Educa\u00e7\u00e3o F\u00edsica, constru\u00ed minha trajet\u00f3ria acompanhando de perto a evolu\u00e7\u00e3o de centenas de alunos com os mais diversos objetivos \u2014 do emagrecimento ao ganho de massa, da melhora postural ao condicionamento de atletas amadores.\n\nAcredito que cada corpo tem uma hist\u00f3ria, e meu papel \u00e9 ouvir, entender e construir estrat\u00e9gias personalizadas que respeitam o tempo e a rotina de cada aluno. Ao longo dos anos, desenvolvi uma metodologia de acompanhamento 100% voltada para resultados reais, sustent\u00e1veis e com acolhimento em cada etapa.\n\nHoje, integro a plataforma AgendeSeuPersonal.com.br, oferecendo treinos presenciais e online, com flexibilidade de hor\u00e1rio e local. Meu compromisso \u00e9 facilitar o seu acesso a uma vida mais ativa, saud\u00e1vel e equilibrada \u2014 com orienta\u00e7\u00e3o t\u00e9cnica, motiva\u00e7\u00e3o e seguran\u00e7a.\n\nSeja para dar o primeiro passo ou para alcan\u00e7ar o pr\u00f3ximo n\u00edvel, estou aqui para ajudar voc\u00ea a viver o seu melhor agora.\n\nVamos juntos? Agende sua sess\u00e3o e inicie essa transforma\u00e7\u00e3o.<\/p>\n                    <div class=\"ak-height-45 ak-height-lg-30\"><\/div>\n                    <div class=\"d-flex gap-5 ak-font-18\">\n                        <p class=\"ak-primary-color\">Cidade:<\/p>\n                        <p>Araraquara<\/p>\n                    <\/div>\n                    <div class=\"d-flex gap-5 ak-font-18 mt-3\">\n                        <p class=\"ak-primary-color\">Website:<\/p>\n                        <p>http:\/\/agendeseupersonal.com.br<\/p>\n                    <\/div>\n                    <div class=\"ak-height-45 ak-height-lg-30\"><\/div>\n                    <div class=\"d-flex gap-4 flex-wrap\">\n                        <h5>Especialidades:<\/h5>\n                                                    <a href=\"\" class=\"specialized-Area-btn\">C\u00e1rdio<\/a>\n                                                    <a href=\"\" class=\"specialized-Area-btn\">Hipertrofia<\/a>\n                                                    <a href=\"\" class=\"specialized-Area-btn\">Corrida<\/a>\n                                            <\/div>\n                    <div class=\"ak-height-50 ak-height-lg-30\"><\/div>\n                    <div class=\"all-certificate flex-wrap\">\n                        <h5><\/h5>\n                        <div class=\"all-badge mt-3\">\n                                                            <img decoding=\"async\" src=\"https:\/\/wpriverthemes.com\/gymfito\/wp-content\/themes\/gymfito\/assets\/img\/certificate_4.svg\" alt=\"...\">\n                                                    <\/div>\n                    <\/div>\n                    <div class=\"ak-height-50 ak-height-lg-30\"><\/div>\n                    <div class=\"social-follow\">\n                        <h5 class=\"mb-3\">Follow:<\/h5>\n                        <div class=\"d-flex gap-4 align-items-center\">\n                                                            <a href=\"https:\/\/www.facebook.com\">\n                                    <svg width=\"16\" height=\"17\" viewBox=\"0 0 16 17\" fill=\"none\" xmlns=\"http:\/\/www.w3.org\/2000\/svg\"><g clip-path=\"url(#clip0_365_2385)\"><path d=\"M9.2381 16.9756L9.2381 9.67777L11.6867 9.67777L12.0541 6.83284H9.2381V5.01676C9.2381 4.19335 9.46582 3.6322 10.6479 3.6322L12.1532 3.63158V1.08697C11.8929 1.05314 10.9993 0.975586 9.95931 0.975586C7.78764 0.975586 6.30087 2.30116 6.30087 4.735L6.30087 6.83284H3.84485L3.84485 9.67777H6.30087L6.30087 16.9756H9.2381Z\" fill=\"white\" \/><\/g><\/svg>                                <\/a>\n                                                            <a href=\"https:\/\/www.linkedin.com\">\n                                    <svg width=\"16\" height=\"17\" viewBox=\"0 0 16 17\" fill=\"none\"\n                                xmlns=\"http:\/\/www.w3.org\/2000\/svg\">\n                                <g clip-path=\"url(#clip0_365_2387)\">\n                                    <path\n                                        d=\"M15.995 16.9761L15.999 16.9754L15.999 11.1074C15.999 8.23672 15.381 6.02539 12.025 6.02539C10.4117 6.02539 9.32899 6.91072 8.88699 7.75006H8.84033V6.29339L5.65833 6.29339L5.65833 16.9754H8.97166L8.97166 11.6861C8.97166 10.2934 9.23566 8.94672 10.9603 8.94672C12.6597 8.94672 12.685 10.5361 12.685 11.7754L12.685 16.9761H15.995Z\"\n                                        fill=\"white\" \/>\n                                    <path d=\"M0.263062 6.29395L3.5804 6.29395L3.5804 16.9759H0.263062L0.263062 6.29395Z\"\n                                        fill=\"white\" \/>\n                                    <path\n                                        d=\"M1.92036 0.975586C0.85969 0.975586 -0.000976563 1.83625 -0.000976563 2.89692C-0.000976563 3.95759 0.85969 4.83625 1.92036 4.83625C2.98102 4.83625 3.84169 3.95759 3.84169 2.89692C3.84102 1.83625 2.98036 0.975586 1.92036 0.975586Z\"\n                                        fill=\"white\" \/>\n                                <\/g>\n                                <defs>\n                                    <clipPath id=\"clip0_365_2387\">\n                                        <rect width=\"16\" height=\"16\" fill=\"white\"\n                                            transform=\"translate(-0.000976562 0.975586)\" \/>\n                                    <\/clipPath>\n                                <\/defs>\n                            <\/svg>                                <\/a>\n                                                            <a href=\"#\">\n                                    <svg width=\"16\" height=\"17\" viewBox=\"0 0 16 17\" fill=\"none\"\n                                xmlns=\"http:\/\/www.w3.org\/2000\/svg\">\n                                <path\n                                    d=\"M9.2757 7.92516L14.2721 2.11719H13.0882L8.74973 7.16017L5.28465 2.11719H1.28809L6.52797 9.74307L1.28809 15.8336H2.47215L7.05364 10.5081L10.713 15.8336H14.7096L9.27541 7.92516H9.2757ZM7.65396 9.81025L7.12305 9.05089L2.89879 3.00853H4.71745L8.12647 7.88491L8.65738 8.64427L13.0887 14.9828H11.2701L7.65396 9.81054V9.81025Z\"\n                                    fill=\"white\" \/>\n                            <\/svg>\n                                <\/a>\n                                                        <div class=\"line-dot\">\n                                <div class=\"dot\"><\/div>\n                            <\/div>\n                        <\/div>\n                    <\/div>\n                <\/div>\n            <\/div>\n        <\/div>\n        <!-- End Trainer Details -->\n        \t\t\t\t<\/div>\n\t\t\t\t<\/div>\n\t\t\t\t<\/div>\n\t\t<div class=\"elementor-element elementor-element-9baa39f e-flex e-con-boxed e-con e-parent\" data-id=\"9baa39f\" data-element_type=\"container\">\n\t\t\t\t\t<div class=\"e-con-inner\">\n\t\t\t\t<div class=\"elementor-element elementor-element-e5e791c elementor-widget elementor-widget-html\" data-id=\"e5e791c\" data-element_type=\"widget\" data-widget_type=\"html.default\">\n\t\t\t\t<div class=\"elementor-widget-container\">\n\t\t\t\t\t<div class=\"elementor-widget-container\">\n\t\t\t\t\t        <!-- Start CTA -->\n        <div class=\"ak-height-135 ak-height-lg-80\"><\/div>\n        <div class=\"container\">\n            <div class=\"d-flex justify-content-center\">\n                <div class=\"cta-content style2\">\n                    <h1 class=\"cta-title aos-init aos-animate\" data-aos=\"fade-left\">\n                        Agende seu                    <\/h1>\n                    <div class=\"cta-info aos-init\" data-aos=\"fade-right\">\n                        <h1 class=\"stroke-text style2 cta-stroke-title\" data-text=\"treino\">\n                            treino                        <\/h1>\n                        <div><img decoding=\"async\" src=\"https:\/\/agendeseupersonal.com.br\/wp-content\/themes\/gymfito\/assets\/img\/cta-img.png\" alt=\"...\" class=\"cta-img\"><\/div>\n\n                                <\/svg>\n                            <\/span>\n                        <\/a>\n                    <\/div>\n                <\/div>\n            <\/div>\n        <\/div>\n        <!-- End CTA -->\n        \t\t\t\t<\/div>\n        \t\t\t\t<style>\n        \t\t\t\t    \n        \t\t\t\t    .all-certificate, .social-follow, .ak-height-50 .ak-height-lg-30 {\n\tdisplay: none !important;\n\t\n}\n        \t\t\t.footer .footer_bg_light {\n    position: relative;\n    bottom: 0;\n    z-index: 0;\n}\t<\/style>\t\t\t\t<\/div>\n\t\t\t\t<\/div>\n\t\t\t\t\t<\/div>\n\t\t\t\t<\/div>\n\t\t<div class=\"elementor-element elementor-element-a218bd8 e-flex e-con-boxed e-con e-parent\" data-id=\"a218bd8\" data-element_type=\"container\">\n\t\t\t\t\t<div class=\"e-con-inner\">\n\t\t\t\t<div class=\"elementor-element elementor-element-f535578 elementor-widget elementor-widget-stepbooking\" data-id=\"f535578\" data-element_type=\"widget\" data-widget_type=\"stepbooking.default\">\n\t\t\t\t<div class=\"elementor-widget-container\">\n\t\t\t\t\t\n<script>\n  if (typeof hasAmeliaEntitiesApiCall === 'undefined' && ('' === '' && '' !== '1')) {\n    var hasAmeliaEntitiesApiCall = true;\n  }\n  var ameliaShortcodeData = (typeof ameliaShortcodeData === 'undefined') ? [] : ameliaShortcodeData;\n  ameliaShortcodeData.push(\n    {\n      'hasApiCall': (typeof hasAmeliaEntitiesApiCall !== 'undefined') && hasAmeliaEntitiesApiCall,\n      'trigger': '',\n      'trigger_type': '',\n      'triggered_form': 'sbsNew',\n      'in_dialog': '',\n      'show': '',\n      'counter': '1000',\n      'category': '',\n      'service': '',\n      'employee': '',\n      'location': '',\n      'package': ''\n    }\n  );\n\n  var ameliaShortcodeDataTriggered = (typeof ameliaShortcodeDataTriggered === 'undefined') ? [] : ameliaShortcodeDataTriggered;\n  if (ameliaShortcodeData[ameliaShortcodeData.length - 1].trigger !== '') {\n    if (ameliaShortcodeDataTriggered.filter(a => a.counter === ameliaShortcodeData[ameliaShortcodeData.length - 1].counter).length === 0) {\n      ameliaShortcodeDataTriggered.push(ameliaShortcodeData.pop());\n    } else {\n      ameliaShortcodeData.pop()\n    }\n  }\n  if (typeof hasAmeliaEntitiesApiCall !== 'undefined' && hasAmeliaEntitiesApiCall) {\n    hasAmeliaEntitiesApiCall = false;\n  }\n<\/script>\n\n<div\n  id=\"amelia-v2-booking-1000\"\n  class=\"amelia-v2-booking\"\n >\n    <step-form-wrapper><\/step-form-wrapper><\/div>\n\t\t\t\t<\/div>\n\t\t\t\t<\/div>\n\t\t\t\t\t<\/div>\n\t\t\t\t<\/div>\n\t\t\t\t<\/div>\n\t\t","protected":false},"excerpt":{"rendered":"<p>E-mail mateuspersonal@gmail.com Telefone (16) 9 9743-5523 Sobre Mateus Silva V\u00eddeo Apresenta\u00e7\u00e3o Transformar vidas por meio do movimento \u00e9 mais do que profiss\u00e3o \u2014 \u00e9 prop\u00f3sito. Meu nome \u00e9 Mateus Silva, sou personal trainer com mais de 10 anos de experi\u00eancia em treinamento f\u00edsico individualizado, atuando com foco em sa\u00fade, desempenho e qualidade de vida. Formado [&hellip;]<\/p>\n","protected":false},"author":1,"featured_media":0,"parent":0,"menu_order":0,"comment_status":"closed","ping_status":"closed","template":"page-templates\/other-pages.php","meta":{"footnotes":""},"class_list":["post-1872","page","type-page","status-publish","hentry"],"_links":{"self":[{"href":"https:\/\/agendeseupersonal.com.br\/index.php\/wp-json\/wp\/v2\/pages\/1872","targetHints":{"allow":["GET"]}}],"collection":[{"href":"https:\/\/agendeseupersonal.com.br\/index.php\/wp-json\/wp\/v2\/pages"}],"about":[{"href":"https:\/\/agendeseupersonal.com.br\/index.php\/wp-json\/wp\/v2\/types\/page"}],"author":[{"embeddable":true,"href":"https:\/\/agendeseupersonal.com.br\/index.php\/wp-json\/wp\/v2\/users\/1"}],"replies":[{"embeddable":true,"href":"https:\/\/agendeseupersonal.com.br\/index.php\/wp-json\/wp\/v2\/comments?post=1872"}],"version-history":[{"count":37,"href":"https:\/\/agendeseupersonal.com.br\/index.php\/wp-json\/wp\/v2\/pages\/1872\/revisions"}],"predecessor-version":[{"id":2476,"href":"https:\/\/agendeseupersonal.com.br\/index.php\/wp-json\/wp\/v2\/pages\/1872\/revisions\/2476"}],"wp:attachment":[{"href":"https:\/\/agendeseupersonal.com.br\/index.php\/wp-json\/wp\/v2\/media?parent=1872"}],"curies":[{"name":"wp","href":"https:\/\/api.w.org\/{rel}","templated":true}]}}